00?
-10111110001
In base 11, what is 0 - 76606?
-76606
In base 4, what is -1011123 + -11?
-1011200
In base 5, what is 2030 - 102341?
-100311
In base 3, what is 21012 + 1012100?
1110112
In base 15, what is 150 - 11e?
31
In base 13, what is 1206c - -123?
12192
In base 10, what is 345 - -4447?
4792
In base 6, what is -121 - 102012?
-102133
In base 16, what is -1565 + 7?
-155e
In base 5, what is 2122 + 1343?
4020
In base 5, what is 1 - -2421?
2422
In base 8, what is 60 + 23217?
23277
In base 6, what is 102 + -45405?
-45303
In base 16, what is 136dd + b?
136e8
In base 15, what is -6c8 + -1d?
-6e6
In base 10, what is 652 + 1542?
2194
In base 11, what is 978900 - -5?
978905
In base 6, what is -1 - 3234434?
-3234435
In base 5, what is -20030 - -1?
-20024
In base 6, what is 5 - -10213?
10222
In base 4, what is -1 - -20230331?
20230330
In base 11, what is 0 - 1134a?
-1134a
In base 11, what is -23 + 1402?
138a
In base 6, what is -4024501 - 4?
-4024505
In base 2, what is -11011 + 1011010111111101?
1011010111100010
In base 8, what is 2 - -133322?
133324
In base 2, what is 100 - -1100110111011?
1100110111111
In base 13, what is -5 - -164473?
16446b
In base 15, what is 1021 + -b?
1015
In base 11, what is 6a + -76?
-7
In base 15, what is -cd7 - -30?
-ca7
In base 10, what is -5 + 7890?
7885
In base 6, what is -1551253 + -4?
-1551301
In base 5, what is -143401 - -1004?
-142342
In base 16, what is -b + 4834?
4829
In base 14, what is 9d + b8a0?
b95d
In base 5, what is 100431 + -1020?
44411
In base 9, what is -1 + -756150?
-756151
In base 4, what is 2 + 1320002020?
1320002022
In base 4, what is 31202 + -1200?
30002
In base 12, what is 876156 + 2?
876158
In base 11, what is -1 + -626?
-627
In base 8, what is 155 + 5?
162
In base 15, what is -570a3 + 1?
-570a2
In base 16, what is a7 - 16c?
-c5
In base 16, what is 389 - -823?
bac
In base 9, what is -168 + 5403?
5224
In base 2, what is 11 - 101110111010101?
-101110111010010
In base 5, what is -202 - 20304?
-21011
In base 12, what is 314 - -258?
570
In base 15, what is -8 - -b72?
b69
In base 14, what is 19a0 - 30?
1970
In base 8, what is -1165 + 17?
-1146
In base 13, what is 98 + -3aa?
-312
In base 15, what is -2a7e - 5e?
-2add
In base 3, what is 100212002212 - 222?
100212001220
In base 2, what is -1010110 + 1110011100?
1101000110
In base 3, what is 20100121021 - 112?
20100120202
In base 5, what is -10 + -10202114?
-10202124
In base 8, what is -1415 - -204?
-1211
In base 11, what is -92 - -1106?
1024
In base 2, what is 10 + 1000000111100?
1000000111110
In base 2, what is 111 - 11111011011010?
-11111011010011
In base 9, what is 28 - -125881?
126020
In base 5, what is -1120 + 2034?
414
In base 9, what is -1 - 1505?
-1506
In base 9, what is 3574 + 12?
3586
In base 9, what is 6742 + -45?
6686
In base 7, what is 5 - 502030?
-502022
In base 11, what is 4720 - -7?
4727
In base 15, what is -1d0b - 47?
-1d53
In base 12, what is -40a761 + 1?
-40a760
In base 8, what is -24 + -12152?
-12176
In base 6, what is -215140041 + 4?
-215140033
In base 6, what is 2132 - -212?
2344
In base 15, what is 75 - e7?
-72
In base 2, what is 111001011001100000 - -10?
111001011001100010
In base 2, what is -10 + 1110001111110?
1110001111100
In base 14, what is 18052 - -5?
18057
In base 16, what is -1e0 + 33d?
15d
In base 15, what is -cc - -131?
54
In base 4, what is -3 - 13033110?
-13033113
In base 8, what is -57 + -1332?
-1411
In base 3, what is -1 - -12210000200?
12210000122
In base 11, what is 5 - 113130?
-113126
In base 16, what is -2 - -2ce8?
2ce6
In base 8, what is -1 - -12350?
12347
In base 3, what is 222110 + -1222210?
-1000100
In base 4, what is -131 + -131123?
-131320
In base 11, what is -267 + 919?
662
In base 4, what is -10111 - -1221?
-2230
In base 16, what is 7 + 391b3?
391ba
In base 12, what is -175b + 0?
-175b
In base 5, what is 21 + 24412032?
24412103
In base 2, what is -11100101 + 100010101?
110000
In base 10, what is 382 - -78?
460
In base 3, what is 2 - 1020212200?
-1020212121
In base 8, what is 25 + 414220?
414245
In base 6, what is -415 - 1423?
-2242
In base 3, what is 122112 - -1000?
200112
In base 11, what is 10965 + -5?
10960
In base 3, what is 10 - -202120021?
202120101
In base 6, what is -104 - -1553?
1445
In base 5, what is 31 + 40434?
41020
In base 11, what is -4 - -12407?
12403
In base 14, what is -29 + -4322?
-434b
In base 15, what is d28 - 25?
d03
In base 8, what is -1 - -2077204?
2077203
In base 12, what is -2982b + 4?
-29827
In base 16, what is -366 - 6cd?
-a33
In base 4, what is -1123201013 - -2?
-1123201011
In base 13, what is -21ba27 + -4?
-21ba2b
In base 13, what is -4b0 + 6b?
-442
In base 9, what is -2318701 + 4?
-2318686
In base 3, what is 100 - -21222022012?
21222022112
In base 4, what is -3 + -32330021?
-32330030
In base 13, what is -115 + -60?
-175
In base 10, what is -11 - -47438?
47427
In base 12, what is 10668 + -44?
10624
In base 16, what is 34cc - -1?
34cd
In base 8, what is 4020 - 11?
4007
In base 13, what is -11000b - 4?
-110012
In base 12, what is -5 - 60a71?
-60a76
In base 13, what is 3 - 4701?
-46cb
In base 10, what is 3 - 64234?
-64231
In base 9, what is 805 - 415?
380
In base 13, what is -5b016 + -5?
-5b01b
In base 10, what is 167886 + 0?
167886
In base 15, what is c + -125a?
-124d
In base 14, what is -303 - -a?
-2d7
In base 2, what is 101 + 111110101101?
111110110010
In base 2, what is -101011010000010 - 0?
-101011010000010
In base 11, what is -2560a + 8?
-25602
In base 7, what is 540123 - 21?
540102
In base 12, what is 4 + -150b62?
-150b5a
In base 12, what is -429 - 83?
-4b0
In base 9, what is -43 - 11200?
-11243
In base 11, what is -362 - -2a1?
-71
In base 4, what is 231033233 + 0?
231033233
In base 9, what is 21516 + 13?
21530
In base 13, what is -2a9 - -5396?
50ba
In base 11, what is 30 - -1209?
1239
In base 9, what is 6 - -2256814?
2256821
In base 5, what is -24330001 - -10?
-24324441
In base 6, what is -2333140 - -2?
-2333134
In base 16, what is -13c47 - 2?
-13c49
In base 9, what is -21 - 5462?
-5483
In base 7, what is 160 + -134?
23
In base 5, what is -10042 - -440?
-4102
In base 11, what is -150 + 403?
263
In base 10, what is -56453 - 0?
-56453
In base 15, what is -92 + -17?
-a9
In base 9, what is -14830 - -31?
-14788
In base 15, what is 8425a + -1?
84259
In base 5, what is -312300240 - 1?
-312300241
In base 2, what is 10101110000 + -10110110100?
-1000100
In base 10, what is -2277 - -32?
-2245
In base 4, what is 2 - 323231012?
-323231010
In base 16, what is -1 - -cccdf?
cccde
In base 9, what is 8643 - -153?
8806
In base 15, what is 19da7 - 1?
19da6
In base 9, what is 3124146 - 1?
3124145
In base 5, what is 202043 - 2?
202041
In base 7, what is -434 + 4364?
3630
In base 7, what is -106356030 - 0?
-106356030
In base 14, what is 3 - -1b5?
1b8
In base 3, what is 120 - 201012110?
-201011220
In base 9, what is -1 - 23766?
-23767
In base 6, what is 1 + -211?
-210
In base 8, what is -143165 + 1?
-143164
In base 2, what is -101000 + -10001000110010100?
-10001000110111100
In base 6, what is 51422 + -2?
51420
In base 4, what is 3232132 + -1120?
3231012
In base 10, what is 1 + -255630?
-255629
In base 6, what is 331 + -30531?
-30200
In base 8, what is -4 - 3003767?
-3003773
In base 15, what is -121818 - 3?
-12181b
In base 4, what is 12332 + 10202311?
10221303
In base 14, what is -1638 - b?
-1645
In base 14, what is -1ab + -68?
-235
In base 12, what is -2 + -53226?
-53228
In base 13, what is 630 - 11?
61c
In base 2, what is -1110001111 - -101011100?
-1000110011
In base 9, what is -21288 + 3?
-21285
In base 9, what is -5 - -31570?
31564
In base 9, what is 663507 + 0?
663507
In base 10, what is -1200 - 193?
-1393
In base 2, what is 1001101 - 100110000011?
-100100110110
In base 14, what is -23 + 10c?
c9
In base 6, what is -512312 - 5?
-512321
In base 16, what is 33f - -2a?
369
In base 4, what is 321 - 31022?
-30101
In base 12, what is -b57b + 1?
-b57a
In base 16, what is -b9 + -1fe?
-2b7
In base 16, what is 8c88bd + -1?
8c88bc
In base 11, what is 231484 + -5?
23147a
In base 14, what is 8 + 9342?
934a
In base 15, what is 4 + 20b3?
20b7
In base 9, what is -80 - 128180?
-128270
In base 3, what is 1221011211 - -12?
1221012000
In base 4, what is 1020 - -223033?
230113
In base 3, what is 1110110 - -111010